{"id":62,"date":"2017-05-15T13:32:00","date_gmt":"2017-05-15T11:32:00","guid":{"rendered":"http:\/\/new.netck.pl\/?page_id=62"},"modified":"2020-05-25T11:05:21","modified_gmt":"2020-05-25T09:05:21","slug":"cennik","status":"publish","type":"page","link":"https:\/\/www.netck.pl\/index.php\/cennik\/","title":{"rendered":"Cennik &#8211; Internet Radiowy"},"content":{"rendered":"\n<p style=\"font-size:20px\" class=\"has-text-color has-text-align-center has-very-dark-gray-color\"><strong>Oferta dla klient\u00f3w indywidualnych<\/strong><\/p>\n\n\n\n<p style=\"font-size:20px\" class=\"has-text-color has-text-align-center has-very-dark-gray-color\">Pakiet I&nbsp;<strong>10<\/strong> Mb (pobieranie) \/ <strong>1<\/strong> Mb (wysy\u0142anie)&nbsp;<strong>39 z\u0142<\/strong><\/p>\n\n\n\n<p style=\"font-size:20px\" class=\"has-text-color has-text-align-center has-very-dark-gray-color\">Pakiet II<strong>*<\/strong>&nbsp;<strong>12<\/strong>&nbsp;Mb (pobieranie) \/ <strong>2<\/strong> Mb (wysy\u0142anie)&nbsp;<strong>50&nbsp;z\u0142<\/strong><\/p>\n\n\n\n<p style=\"font-size:20px\" class=\"has-text-color has-text-align-center has-very-dark-gray-color\">Pakiet III<strong>*<\/strong>&nbsp;<strong>17<\/strong> Mb (pobieranie) \/ <strong>3<\/strong> Mb (wysy\u0142anie)&nbsp;<strong>61&nbsp;z\u0142<\/strong><\/p>\n\n\n\n<p style=\"font-size:20px\" class=\"has-text-color has-text-align-center has-very-dark-gray-color\">Pakiet IV<strong>*<\/strong>&nbsp;<strong>25<\/strong>&nbsp;Mb (pobieranie) \/ <strong>5<\/strong> Mb (wysy\u0142anie)&nbsp;<strong>83 z\u0142<\/strong><\/p>\n\n\n\n<p style=\"font-size:20px\" class=\"has-text-color has-text-align-center has-very-dark-gray-color\">Pakiet IV<strong>*<\/strong>\u00a0<strong>35<\/strong>\u00a0Mb (pobieranie) \/ <strong>7<\/strong> Mb (wysy\u0142anie)\u00a0<strong>100 z\u0142<\/strong><\/p>\n\n\n\n<p style=\"font-size:20px\" class=\"has-text-color has-text-align-center has-very-dark-gray-color\">Pakiet IV<strong>*<\/strong>\u00a0<strong>50<\/strong>\u00a0Mb (pobieranie) \/ <strong>10<\/strong> Mb (wysy\u0142anie)\u00a0<strong>120 z\u0142<\/strong><\/p>\n\n\n\n<p style=\"font-size:20px\" class=\"has-text-color has-text-align-center has-very-dark-gray-color\">Pakiet IV<strong>*<\/strong>\u00a0<strong>100<\/strong>\u00a0Mb (pobieranie) \/ <strong>20<\/strong> Mb (wysy\u0142anie)\u00a0<strong>200 z\u0142<\/strong><\/p>\n\n\n\n<p style=\"font-size:20px\" class=\"has-text-color has-text-align-center has-very-dark-gray-color\">Pakiet IV<strong>*<\/strong>\u00a0<strong>200<\/strong>\u00a0Mb (pobieranie) \/ <strong>50<\/strong> Mb (wysy\u0142anie)\u00a0<strong>300 z\u0142<\/strong><\/p>\n\n\n\n<p style=\"font-size:20px\" class=\"has-text-color has-text-align-center has-very-dark-gray-color\">Pakiet IV<strong>*<\/strong>\u00a0<strong>400<\/strong>\u00a0Mb (pobieranie) \/ <strong>100<\/strong> Mb (wysy\u0142anie)\u00a0<strong>400 z\u0142<\/strong><\/p>\n\n\n\n<p style=\"font-size:20px\" class=\"has-text-color has-text-align-center has-very-dark-gray-color\">Pakiet IV<strong>*<\/strong>\u00a0<strong>800<\/strong>\u00a0Mb (pobieranie) \/ <strong>300<\/strong> Mb (wysy\u0142anie)\u00a0<strong>500 z\u0142<\/strong><\/p>\n\n\n\n<p class=\"has-text-color has-very-dark-gray-color\">Pr\u0119dko\u015bci gwarantowane, bez limit\u00f3w danych.<br><strong>*&nbsp;<\/strong>W godzinach nocnych 1:00 &#8211; 8:00 pr\u0119dko\u015b\u0107 pobierania x2 (przepustowo\u015b\u0107 nie gwarantowana, ze wzgl\u0119du na mo\u017cliwo\u015bci techniczne).<\/p>\n\n\n\n<hr class=\"wp-block-separator\"\/>\n\n\n\n<p style=\"font-size:20px\" class=\"has-text-color has-text-align-center has-very-dark-gray-color\"><strong>Oferta dla klient\u00f3w biznesowych (\u0142\u0105cza symetryczne)<\/strong><\/p>\n\n\n\n<p style=\"font-size:20px\" class=\"has-text-color has-text-align-center has-very-dark-gray-color\">Pakiet I\u00a0<strong>5<\/strong> Mb (pobieranie) \/ <strong>5<\/strong> Mb (wysy\u0142anie)\u00a0<strong>50 z\u0142<\/strong><\/p>\n\n\n\n<p style=\"font-size:20px\" class=\"has-text-color has-text-align-center has-very-dark-gray-color\">Pakiet II\u00a0<strong>10<\/strong>\u00a0Mb (pobieranie) \/ <strong>10<\/strong> Mb (wysy\u0142anie)\u00a0<strong>80 z\u0142<\/strong><\/p>\n\n\n\n<p style=\"font-size:20px\" class=\"has-text-color has-text-align-center has-very-dark-gray-color\">Pakiet III\u00a0<strong>15<\/strong> Mb (pobieranie) \/ <strong>15<\/strong> Mb (wysy\u0142anie)\u00a0<strong>100 z\u0142<\/strong><\/p>\n\n\n\n<p style=\"font-size:20px\" class=\"has-text-color has-text-align-center has-very-dark-gray-color\">Pakiet IV\u00a0<strong>25<\/strong>\u00a0Mb (pobieranie) \/ <strong>25<\/strong> Mb (wysy\u0142anie)\u00a0<strong>150 z\u0142<\/strong><\/p>\n\n\n\n<p style=\"font-size:20px\" class=\"has-text-color has-text-align-center has-very-dark-gray-color\">Pakiet IV\u00a0<strong>35<\/strong>\u00a0Mb (pobieranie) \/ <strong>35<\/strong> Mb (wysy\u0142anie)\u00a0<strong>200 z\u0142<\/strong><\/p>\n\n\n\n<p style=\"font-size:20px\" class=\"has-text-color has-text-align-center has-very-dark-gray-color\">Pakiet IV\u00a0<strong>50<\/strong>\u00a0Mb (pobieranie) \/ <strong>50<\/strong> Mb (wysy\u0142anie)\u00a0<strong>250 z\u0142<\/strong><\/p>\n\n\n\n<p style=\"font-size:20px\" class=\"has-text-color has-text-align-center has-very-dark-gray-color\">Pakiet IV\u00a0<strong>100<\/strong>\u00a0Mb (pobieranie) \/ <strong>100<\/strong> Mb (wysy\u0142anie)\u00a0<strong>400 z\u0142<\/strong><\/p>\n\n\n\n<p class=\"has-text-color has-very-dark-gray-color\">Pr\u0119dko\u015bci gwarantowane, bez limit\u00f3w danych.<br>Do ka\u017cdego \u0142\u0105cza symetrycznego <strong>sta\u0142y publiczny adres IP<\/strong>.<br>Istnieje mo\u017cliwo\u015b\u0107 dostosowania oferty do potrzeb.<\/p>\n\n\n\n<hr class=\"wp-block-separator\"\/>\n\n\n\n<p style=\"font-size:20px\" class=\"has-text-color has-text-align-center has-very-dark-gray-color\">Koszt instalacji:<br>Umowa na 36 miesi\u0119cy:<strong> 1 z\u0142<br><\/strong>Umowa na 24 miesi\u0105ce:<strong> 49 z\u0142<br><\/strong>Umowa na 12 miesi\u0119cy:&nbsp;<strong>99 z\u0142<\/strong><br>Umowa na czas nieokre\u015blony: <strong>149 z\u0142<\/strong><\/p>\n\n\n\n<hr class=\"wp-block-separator\"\/>\n","protected":false},"excerpt":{"rendered":"<p>Oferta dla klient\u00f3w indywidualnych Pakiet I&nbsp;10 Mb (pobieranie) \/ 1 Mb (wysy\u0142anie)&nbsp;39 z\u0142 Pakiet II*&nbsp;12&nbsp;Mb (pobieranie) \/ 2 Mb (wysy\u0142anie)&nbsp;50&nbsp;z\u0142 Pakiet III*&nbsp;17 Mb (pobieranie) \/ 3 Mb (wysy\u0142anie)&nbsp;61&nbsp;z\u0142 Pakiet IV*&nbsp;25&nbsp;Mb (pobieranie) \/ 5 Mb (wysy\u0142anie)&nbsp;83 z\u0142 Pakiet IV*\u00a035\u00a0Mb (pobieranie) \/ 7 Mb (wysy\u0142anie)\u00a0100 z\u0142 Pakiet IV*\u00a050\u00a0Mb (pobieranie) \/ 10 Mb (wysy\u0142anie)\u00a0120 z\u0142 Pakiet IV*\u00a0100\u00a0Mb (pobieranie) [&hellip;]<\/p>\n","protected":false},"author":1,"featured_media":0,"parent":0,"menu_order":0,"comment_status":"closed","ping_status":"closed","template":"","meta":[],"_links":{"self":[{"href":"https:\/\/www.netck.pl\/index.php\/wp-json\/wp\/v2\/pages\/62"}],"collection":[{"href":"https:\/\/www.netck.pl\/index.php\/wp-json\/wp\/v2\/pages"}],"about":[{"href":"https:\/\/www.netck.pl\/index.php\/wp-json\/wp\/v2\/types\/page"}],"author":[{"embeddable":true,"href":"https:\/\/www.netck.pl\/index.php\/wp-json\/wp\/v2\/users\/1"}],"replies":[{"embeddable":true,"href":"https:\/\/www.netck.pl\/index.php\/wp-json\/wp\/v2\/comments?post=62"}],"version-history":[{"count":9,"href":"https:\/\/www.netck.pl\/index.php\/wp-json\/wp\/v2\/pages\/62\/revisions"}],"predecessor-version":[{"id":380,"href":"https:\/\/www.netck.pl\/index.php\/wp-json\/wp\/v2\/pages\/62\/revisions\/380"}],"wp:attachment":[{"href":"https:\/\/www.netck.pl\/index.php\/wp-json\/wp\/v2\/media?parent=62"}],"curies":[{"name":"wp","href":"https:\/\/api.w.org\/{rel}","templated":true}]}}