{"id":212,"date":"2019-09-25T16:51:21","date_gmt":"2019-09-25T14:51:21","guid":{"rendered":"https:\/\/www.netck.pl\/?page_id=212"},"modified":"2020-03-10T22:33:38","modified_gmt":"2020-03-10T21:33:38","slug":"systemy-monitoringu","status":"publish","type":"page","link":"https:\/\/www.netck.pl\/index.php\/systemy-monitoringu\/","title":{"rendered":"Systemy monitoringu"},"content":{"rendered":"\n<p class=\"has-text-color has-very-dark-gray-color\"><strong>Telewizja przemys\u0142owa<\/strong>,&nbsp;<strong>monitoring wizyjny<\/strong>,&nbsp;<strong>wideonadz\u00f3r<\/strong>,&nbsp;<strong>telewizyjny system dozorowy<\/strong>&nbsp;(CCTV \u2013&nbsp;ang.&nbsp;<em>closed circuit television<\/em>) \u2013 to system pozwalaj\u0105cy na \u015bledzenie z odleg\u0142o\u015bci zdarze\u0144 rejestrowanych przez jedn\u0105 do nawet kilkuset&nbsp;kamer przemys\u0142owych&nbsp;jednocze\u015bnie. W sk\u0142ad systemu wchodz\u0105 g\u0142\u00f3wnie rejestratory i kamery, z kt\u00f3rych obraz jest transmitowany do centrum odbiorczego, gdzie personel na monitorach mo\u017ce obserwowa\u0107 rejestrowane zdarzenia. Wa\u017cnym elementem telewizji przemys\u0142owej jest r\u00f3wnie\u017c klawiatura steruj\u0105ca, posiadaj\u0105ca zwykle wbudowany&nbsp;d\u017cojstik&nbsp;do manipulowania kamerami PTZ, pozwalaj\u0105ca na sterowanie ca\u0142ym systemem CCTV. Monitoring wizyjny, okre\u015blany te\u017c jako telewizja dozorowa, r\u00f3\u017cni si\u0119 od zwyk\u0142ej&nbsp;telewizji&nbsp;tym, \u017ce obraz z kamer jest przesy\u0142any (przez kabel lub drog\u0105 radiow\u0105) i odbierany tylko w centrum odbiorczym, a nie w nieograniczonej liczbie odbiornik\u00f3w.<\/p>\n\n\n\n<p class=\"has-text-color has-very-dark-gray-color\">R\u00f3\u017cne rodzaje kamer CCTV<\/p>\n\n\n\n<p class=\"has-text-color has-very-dark-gray-color\">Najcz\u0119stszy deklarowany cel instalacji monitoringu wizyjnego to poprawa bezpiecze\u0144stwa, chocia\u017c badania skuteczno\u015bci prewencyjnej tego \u015brodka nie potwierdzaj\u0105 jego efektywno\u015bci.&nbsp;Kwestionowane s\u0105 w zwi\u0105zku z tym wydatki ponoszone na monitoring wizyjny przez administracj\u0119 centraln\u0105 i samorz\u0105dy.<\/p>\n\n\n\n<p class=\"has-text-color has-very-dark-gray-color\">Obecnie poj\u0119cie telewizji przemys\u0142owej zosta\u0142o w du\u017cej mierze wyparte przez&nbsp;<strong>monitoring wizyjny<\/strong>&nbsp;lub&nbsp;<strong>wideonadz\u00f3r<\/strong>, co jest w\u0142a\u015bciwie&nbsp;anglicyzmem, lecz skuteczniej opisuje zakres i dziedzin\u0119 przedmiotu, o kt\u00f3rym m\u00f3wi.<\/p>\n\n\n\n<p class=\"has-text-color has-very-dark-gray-color\"><strong>Monitoring wizyjny<\/strong>&nbsp;obecny jest m.in. w takich obiektach jak centra handlowe, hipermarkety, kasyna gry, tereny firm, ulice miast, place,&nbsp;przejazdy kolejowo-drogowe, itp.<\/p>\n\n\n\n<p class=\"has-text-color has-very-dark-gray-color\">Wed\u0142ug jednej z definicji&nbsp;<strong>telewizyjne systemy dozorowe<\/strong>&nbsp;<em>to zespo\u0142y \u015brodk\u00f3w technicznych i programowych przeznaczonych do obserwacji, wykrywania, rejestrowania oraz sygnalizowania warunk\u00f3w wskazuj\u0105cych na istnienie niebezpiecze\u0144stwa powstania szk\u00f3d lub zagro\u017ce\u0144 os\u00f3b i mienia.<\/em><\/p>\n\n\n\n<p class=\"has-text-color has-very-dark-gray-color\">Podstawowe sk\u0142adniki telewizyjnych system\u00f3w dozorowych to:<\/p>\n\n\n\n<p><font color=\"#000000\">&#8211; kamera przemys\u0142owa,<\/font><\/p>\n\n\n\n<p class=\"has-text-color has-very-dark-gray-color\">&#8211; serwer wideo,<\/p>\n\n\n\n<p class=\"has-text-color has-very-dark-gray-color\"><font color=\"#000000\">&#8211; rejestrator wideo lub cyfrowy rejestrator wideo,<\/font><\/p>\n\n\n\n<p><font color=\"#000000\">&#8211; klawiatura steruj\u0105ca.<\/font><\/p>\n","protected":false},"excerpt":{"rendered":"<p>Telewizja przemys\u0142owa,&nbsp;monitoring wizyjny,&nbsp;wideonadz\u00f3r,&nbsp;telewizyjny system dozorowy&nbsp;(CCTV \u2013&nbsp;ang.&nbsp;closed circuit television) \u2013 to system pozwalaj\u0105cy na \u015bledzenie z odleg\u0142o\u015bci zdarze\u0144 rejestrowanych przez jedn\u0105 do nawet kilkuset&nbsp;kamer przemys\u0142owych&nbsp;jednocze\u015bnie. W sk\u0142ad systemu wchodz\u0105 g\u0142\u00f3wnie rejestratory i kamery, z kt\u00f3rych obraz jest transmitowany do centrum odbiorczego, gdzie personel na monitorach mo\u017ce obserwowa\u0107 rejestrowane zdarzenia. Wa\u017cnym elementem telewizji przemys\u0142owej jest r\u00f3wnie\u017c klawiatura [&hellip;]<\/p>\n","protected":false},"author":1,"featured_media":0,"parent":0,"menu_order":0,"comment_status":"closed","ping_status":"closed","template":"","meta":[],"_links":{"self":[{"href":"https:\/\/www.netck.pl\/index.php\/wp-json\/wp\/v2\/pages\/212"}],"collection":[{"href":"https:\/\/www.netck.pl\/index.php\/wp-json\/wp\/v2\/pages"}],"about":[{"href":"https:\/\/www.netck.pl\/index.php\/wp-json\/wp\/v2\/types\/page"}],"author":[{"embeddable":true,"href":"https:\/\/www.netck.pl\/index.php\/wp-json\/wp\/v2\/users\/1"}],"replies":[{"embeddable":true,"href":"https:\/\/www.netck.pl\/index.php\/wp-json\/wp\/v2\/comments?post=212"}],"version-history":[{"count":2,"href":"https:\/\/www.netck.pl\/index.php\/wp-json\/wp\/v2\/pages\/212\/revisions"}],"predecessor-version":[{"id":377,"href":"https:\/\/www.netck.pl\/index.php\/wp-json\/wp\/v2\/pages\/212\/revisions\/377"}],"wp:attachment":[{"href":"https:\/\/www.netck.pl\/index.php\/wp-json\/wp\/v2\/media?parent=212"}],"curies":[{"name":"wp","href":"https:\/\/api.w.org\/{rel}","templated":true}]}}